What is t(32)?
-53
Let m(c) = 155143*c + 1861723. Determine m(-12).
7
Let o(g) = 2*g**2 + 416*g - 41693. Calculate o(74).
43
Let u(n) = -774897*n - 4649398. Calculate u(-6).
-16
Let q(j) = 274*j - 41403. What is q(151)?
-29
Let g(v) = 960*v - 615369. Give g(641).
-9
Let m(b) = -24*b**3 + 5*b**2 + 491*b - 1945. What is m(4)?
-1437
Let t(f) = -5*f**2 - 575*f + 2271. Calculate t(-119).
-109
Let u(c) = -2*c**3 - 3*c**2 - 2*c - 120. Determine u(-13).
3793
Let l(d) = -7350*d + 73496. Determine l(10).
-4
Let k(c) = c**2 + 3364*c - 742980. Give k(208).
-4
Let j(c) = 1264*c - 13145. What is j(10)?
-505
Let h(i) = -i**3 + 112*i**2 + 338*i + 1280. Calculate h(115).
475
Let r(c) = -192*c + 10170. Calculate r(53).
-6
Let n(d) = 391*d**2 + 2017*d + 28. What is n(-5)?
-282
Let j(m) = -m**3 - 99*m**2 - 1709*m + 28. Determine j(-24).
-2156
Let y(i) = -3033*i - 21116. Determine y(-7).
115
Let j(i) = -1766*i + 9845. Calculate j(6).
-751
Let u(m) = -15*m**3 + 2*m**2 + 9280*m - 9281. Give u(1).
-14
Let f(u) = -u**3 + 207*u**2 + 1028*u + 6776. Give f(212).
-8
Let h(u) = -u**3 + 42*u**2 - 6*u - 18. Give h(-4).
742
Let g(x) = 7*x**2 + 2480*x + 7462. Calculate g(-3).
85
Let h(g) = -6*g**2 - 1171*g - 2991. Give h(-192).
657
Let z(f) = 1625*f + 91357. Calculate z(-56).
357
Let c(f) = -801*f + 26954. What is c(35)?
-1081
Let u(h) = 108383*h + 9646111. Give u(-89).
24
Let j(v) = -4516*v + 605135. Determine j(134).
-9
Let b(d) = -91*d**3 - d**2 - 536*d - 1074. Determine b(-2).
722
Let i(f) = 54*f**2 - 941*f + 44. Calculate i(17).
-347
Let t(m) = 2*m**2 - 2107*m + 108185. Determine t(54).
239
Let j(d) = 357*d + 18836. What is j(-53)?
-85
Let w(i) = 7*i**2 + 4136*i + 261054. Determine w(-519).
-3
Let u(s) = -2*s**3 - 66*s**2 - 323*s - 75. What is u(-5)?
140
Let x(h) = -8461*h + 4273. Give x(0).
4273
Let y(z) = 2*z**3 - 99*z**2 - 229*z + 13769. What is y(49)?
147
Let q(n) = -4968*n - 14380. What is q(-3)?
524
Let g(z) = 874*z - 153731. Calculate g(176).
93
Let i(g) = 20*g**2 - 83*g + 26. Determine i(3).
-43
Let f(i) = -i**3 - 520*i**2 + 14779*i + 5478. Calculate f(-547).
8
Let o(u) = 181895*u + 182504. What is o(-1)?
609
Let f(h) = 2*h**3 - 119*h**2 + 1580*h + 3108. Determine f(37).
-37
Let q(y) = -y**2 + 1019*y - 207380. What is q(281)?
-2
Let b(y) = -8*y**2 - 236*y + 28. Calculate b(-38).
-2556
Let l(u) = -u**3 + 79*u**2 - 1100*u - 45. What is l(61)?
-167
Let j(p) = 2*p**3 - 12*p**2 - 78*p - 486. Calculate j(-7).
-1214
Let t(p) = 16091*p - 160365. Determine t(10).
545
Let o(x) = -13*x**3 + 30*x**2 + 162*x - 7. Calculate o(-5).
1558
Let l(d) = -405*d - 256770. Calculate l(-634).
0
Let t(m) = -154312*m + 154301. Determine t(1).
-11
Let g(p) = p**3 - 88*p**2 - 62*p - 452. Give g(89).
1951
Let j(m) = -m**3 + 25*m**2 - 151*m + 1917. What is j(18)?
1467
Let b(f) = 10*f**2 - 37*f - 66. Give b(7).
165
Let d(c) = 710*c + 137028. Determine d(-193).
-2
Let i(d) = -808*d - 14868. Determine i(-20).
1292
Let y(q) = 5739*q - 25920. Calculate y(4).
-2964
Let t(z) = 2*z**3 + 14*z**2 - 38*z + 28. What is t(-15)?
-3002
Let q(a) = -7831*a - 227151. Determine q(-29).
-52
Let k(m) = 11805*m + 625704. Determine k(-53).
39
Let h(i) = -i**2 - 26*i + 6782. What is h(70)?
62
Let s(h) = 45446*h + 4408246. What is s(-97)?
-16
Let f(z) = 295*z**2 - 13808*z - 2754. Give f(47).
-75
Let z(n) = 2909*n + 1582541. Calculate z(-544).
45
Let s(k) = -2*k**3 - 57*k**2 - 180*k + 16. Give s(-23).
-1663
Let n(q) = -2947*q + 439042. Calculate n(149).
-61
Let y(w) = 4*w**3 + 1587*w**2 - 1994*w - 1527. What is y(-398)?
65
Let n(c) = -c**2 - 238*c - 10368. Calculate n(-57).
-51
Let m(y) = y**3 + 176*y**2 - 1303*y - 4034. What is m(-183)?
-8
Let m(t) = -10*t**2 + 253*t + 2580. What is m(-16)?
-4028
Let z(f) = 756*f - 20169. Calculate z(27).
243
Let o(y) = 5072*y - 35471. What is o(7)?
33
Let o(s) = 308*s - 3126. Calculate o(10).
-46
Let n(u) = -2*u**3 - 53*u**2 + 2*u + 147. Calculate n(0).
147
Let g(r) = -10725*r + 4000429. Calculate g(373).
4
Let l(j) = j**3 + 121*j**2 - 142*j - 243. Give l(-122).
2197
Let d(b) = 6937*b + 48516. Calculate d(-7).
-43
Let r(f) = -2*f**2 + 1421*f - 23916. Give r(17).
-337
Let q(z) = -z**3 + 54*z**2 - 445*z + 326. Determine q(44).
106
Let x(v) = -2*v**3 + 14*v**2 - 43*v + 586. Determine x(14).
-2760
Let j(a) = -4370*a + 39096. Give j(9).
-234
Let c(k) = k**3 - 116*k**2 + 491*k - 17565. What is c(113)?
-389
Let b(g) = 2*g**2 + 236*g + 4674. Determine b(-93).
24
Let i(o) = -1506*o + 9013. What is i(6)?
-23
Let i(o) = 1459*o**3 - 6*o - 7. Determine i(-1).
-1460
Let a(v) = 38226*v - 153489. Determine a(4).
-585
Let j(p) = 13*p**2 - 962*p + 14900. Determine j(22).
28
Let y(t) = t**3 + 410*t**2 + 1966*t - 23897. Calculate y(-405).
-2
Let v(m) = 5171*m + 13006. Give v(-3).
-2507
Let a(b) = -9*b**3 + 448*b**2 + 85*b - 219. Give a(50).
-969
Let x(r) = -4229*r + 26717. What is x(6)?
1343
Let x(g) = 30*g**2 + 12090*g - 36268. Give x(3).
272
Let t(j) = -133105*j + 12911179. What is t(97)?
-6
Let x(n) = 109*n**3 + 3*n**2 + 72*n - 75. Determine x(1).
109
Let r(a) = -a**3 + 6*a**2 + 90*a + 52. Calculate r(14).
-256
Let h(t) = 106106*t + 212215. Determine h(-2).
3
Let t(z) = 47*z**2 - 3588*z + 1438. Calculate t(76).
222
Let f(i) = 8*i**3 - 466*i**2 + 60*i + 3181. Calculate f(58).
-67
Let u(y) = y**3 - 336*y**2 - 1342*y - 6116. Give u(340).
4
Let w(p) = 6*p**3 - 32*p**2 - 64*p + 73. What is w(-6)?
-1991
Let u(y) = 1361*y**2 - 10895*y + 66. What is u(8)?
10
Let a(g) = 171*g + 38307. Determine a(-224).
3
Let b(d) = -d**3 - 41*d**2 - 292*d - 13331. What is b(-42)?
697
Let r(a) = 30948*a - 557071. Calculate r(18).
-7
Let u(j) = -10132*j + 27. Calculate u(0).
27
Let x(o) = -o**3 - 31*o**2 + 442*o - 326. What is x(-42)?
514
Let k(n) = -42*n**2 + 1636*n - 10355. Calculate k(31).
-1
Let r(z) = -572*z + 6886. Calculate r(12).
22
Let d(t) = 357*t - 12036. Give d(32).
-612
Let b(w) = -2*w**3 + 46*w**2 + 532*w + 128. Calculate b(-8).
-160
Let n(r) = -35*r**2 + 5581*r - 8077. Determine n(158).
-19
Let y(f) = f**3 + 23*f**2 - 143*f + 27. What is y(5)?
12
Let o(k) = k**3 - 69*k**2 + 180*k - 2885. What is o(67)?
197
Let x(m) = m**3 - 10*m**2 - 190*m + 1576. Determine x(12).
-416
Let y(a) = 375*a**2 - 214488*a - 6870. Give y(572).
-6
Let w(f) = f**3 - 29*f**2 + 78*f + 123. Calculate w(26).
123
Let o(v) = v**2 - 439*v + 35856. Determine o(108).
108
Let b(t) = t**2 + 101*t - 1. Give b(-102).
101
Let u(b) = -25*b**2 - 6675*b - 58. What is u(-267)?
-58
Let y(j) = -1197*j - 286096. Determine y(-239).
-13
Let f(m) = 3947*m + 1199886. Calculate f(-304).
-2
Let d(i) = -i**3 + 97*i**2 - 1438*i + 1256. Determine d(79).
-8
Let x(m) = 17686*m + 176721. What is x(-10)?
-139
Let y(t) = -11407*t + 11272. Calculate y(1).
-135
Let f(s) = 464*s**2 + 243*s - 505. Give f(2).
1837
Let s(z) = z**3 + 4*z**2 - 26*z + 18. Determine s(-11).
-543
Let i(g) = -g**3 - 520*g**2 + 14*g + 7296. Calculate i(-520).
16
Let u(t) = t**2 - 1400*t - 4199. Determine u(-3).
10
Let o(f) = -93*f + 1949. What is o(21)?
-4
Let m(f) = 9*f**2 - 44*f - 1313. Determine m(-10).
27
Let t(h) = -21*h**2 - 3916*h + 27324. What is t(7)?
-1117
Let y(k) = 950*k + 26109. What is y(-31)?
-3341
Let p(z) = -283171*z**2 + 1132668*z - 3. What is p(4)?
-67
Let x(w) = -113*w - 4836. Calculate x(-21).
-2463
Let w(g) = -13*g**3 - 2*g**2 + 8*g - 58. Determine w(5).
-1693
Let r(n) = 46*n**2 + 302*n + 181. Give r(-6).
25
Let s(b) = b**3 + 309*b**2 + 23569*b - 3999. Calculate s(-138).
3
Let b(u) = -24476*u + 269236. Give b(11).
0
Let g(d) = 11695*d + 81954. What is g(-7)?
89
Let v(s) = -11*s**2 + 574*s + 4432. Determine v(59).
7
Let m(q) = q**2 + 619*q + 92954. Determine m(-360).
-286
Let s(h) = -408*h + 57552. Determine s(141).
24
Let v(j) = -3*j**3 + 332*j**2 + 106*j - 2005. Determine v(111).
-2560
Let k(x) = 2*x**2 - 143*x + 2078. Calculate k(17).
225
Let w(g) = -g**3 - 4024*g**2 - 171248*g - 2782. Give w(-43).
13
Let x(o) = 41*o - 136. Determine x(19).
643
Let m(t) = 33616*t + 168132. Give m(-5).
52
Let i(y) = -3882*y - 162953. What is i(-42)?
91
Let l(m) = 5380*m + 376587. Calculate l(-70).
-13
Let i(x) = 683685*x - 3418435. What is i(5)?
-10
Let o(f) = 7956*f - 151247. Calculate o(19).
-83
Let b(j) = -3*j**2 + 13508*j - 535516. What is b(40)?
4
Let t(x) = -5*x**3 + 929*x**2 + 275*x -